ate u(-19).
-588
Let b(a) = 995*a + 15919. Calculate b(-16).
-1
Let l(x) = 149*x + 36. Determine l(-2).
-262
Let k(f) = -f**3 - 4*f**2 + 71*f + 5. Determine k(6).
71
Let o(p) = -4*p**2 - 316*p - 4418. Determine o(-18).
-26
Let w(c) = c**3 - 8*c**2 + 4*c + 13. Determine w(-4).
-195
Let v(r) = 370*r + 27745. Calculate v(-75).
-5
Let q(p) = 183*p**2 + 2191*p - 10. Give q(-12).
50
Let a(d) = -d**2 + 65*d + 367. Calculate a(70).
17
Let m(h) = -1248*h - 43682. Calculate m(-35).
-2
Let l(p) = p**3 - 11*p**2 + 16*p + 12. Determine l(9).
-6
Let r(w) = 2*w**3 + 23*w**2 - 3*w - 88. Give r(-11).
66
Let m(h) = 2*h**3 + 7*h**2 - 551*h - 67. Determine m(15).
-7
Let t(j) = j**2 + 6*j + 49. What is t(-7)?
56
Let x(i) = i**3 - 17*i**2 - 47*i + 21. What is x(19)?
-150
Let g(o) = 6100*o - 128082. What is g(21)?
18
Let z(g) = -g**3 - 34*g**2 - 65*g - 7. Calculate z(-32).
25
Let l(j) = 3*j**2 - 30*j + 90. Determine l(7).
27
Let z(f) = 60*f - 757. Give z(15).
143
Let w(a) = -7*a**2 - 14*a + 14. Calculate w(9).
-679
Let x(z) = 12*z**3 + 206*z**2 + 226*z + 38. What is x(-16)?
6
Let q(j) = -1295*j - 5169. Determine q(-4).
11
Let s(a) = -273*a + 8709. What is s(32)?
-27
Let b(a) = -a**3 + 10*a**2 - 31*a + 206. Determine b(9).
8
Let w(n) = -29*n**3 - n**2 - 53*n - 51. What is w(-1)?
30
Let x(h) = h**3 + 7*h**2 - 6*h - 6. Give x(-7).
36
Let u(z) = 4*z**2 - 3*z - 28. Give u(-6).
134
Let l(y) = y**3 - 28*y**2 + 142*y - 3971. What is l(28)?
5
Let m(w) = 217*w - 5520. Calculate m(25).
-95
Let k(u) = -23*u**2 + 437*u - 25. Calculate k(19).
-25
Let v(h) = -4*h**3 + 27*h**2 + 7*h + 17. Give v(7).
17
Let z(y) = 3*y**2 + 119*y - 243. Determine z(2).
7
Let o(m) = -m**2 - 6*m - 430. Calculate o(0).
-430
Let y(h) = 2*h**3 + 5*h + 28. Determine y(-3).
-41
Let x(c) = -10*c - 524. What is x(-33)?
-194
Let x(s) = 2*s**2 - 39*s - 206. What is x(-5)?
39
Let s(p) = -p**3 - 11*p**2 + 25*p + 11. Determine s(5).
-264
Let f(m) = -11*m**2 - 176*m + 19. What is f(-16)?
19
Let v(o) = o**3 - 14*o**2 - 116*o - 70. Determine v(20).
10
Let k(f) = -f**3 + 7*f**2 + 32*f + 14. What is k(11)?
-118
Let q(p) = -197*p - 2368. Give q(-12).
-4
Let y(n) = -n**3 - 51*n**2 - 300*n - 37. Determine y(-44).
-389
Let c(s) = 762*s**2 + 7*s. What is c(0)?
0
Let t(y) = -4623*y - 4629. Give t(-1).
-6
Let c(y) = y**3 + 22*y**2 + 85*y - 2. Calculate c(-17).
-2
Let y(v) = v**3 + 28*v**2 - 243*v - 16. What is y(7)?
-2
Let b(x) = 2*x**2 + 147*x - 48. Give b(-74).
26
Let t(i) = 1547*i + 15258. What is t(-10)?
-212
Let o(s) = -s**2 - s + 7. What is o(-3)?
1
Let t(b) = 14*b**3 - 169*b**2 - 340*b + 4219. What is t(12)?
-5
Let j(s) = s**3 - 26*s**2 + 22*s + 33. Give j(25).
-42
Let m(b) = -18*b**2 + 91*b - 12. Give m(5).
-7
Let u(t) = -2*t**2 + 532*t + 4389. Calculate u(-8).
5
Let l(q) = q**3 - 17*q**2 - 63*q + 10. What is l(20)?
-50
Let n(y) = -13*y**2 + 90*y - 44. What is n(6)?
28
Let v(k) = -43*k + 182. Determine v(5).
-33
Let m(o) = -o**3 - 11*o**2 - 9*o + 6. Determine m(-11).
105
Let z(y) = -81*y**3 - 4*y - 5. What is z(-1)?
80
Let i(n) = n**2 - 174*n + 847. What is i(5)?
2
Let l(f) = -3*f**3 + 128*f**2 + 25*f + 755. Give l(43).
-19
Let j(l) = 433*l**3 + l**2 + 1. Determine j(-1).
-431
Let a(v) = -72*v + 7532. Determine a(104).
44
Let o(r) = r**3 + 29*r**2 + 32*r + 40. Give o(-28).
-72
Let q(m) = -m**3 - 9*m**2 - 14*m + 42. Give q(-6).
18
Let t(h) = 13*h - 98. What is t(7)?
-7
Let f(c) = 5*c**2 + 451*c - 4469. What is f(9)?
-5
Let c(l) = 23*l - 2862. Give c(120).
-102
Let l(i) = i**2 + 13*i + 30. Determine l(-5).
-10
Let d(b) = 74*b + 671. Give d(-19).
-735
Let s(y) = -3*y**2 - 37*y + 64. Calculate s(-14).
-6
Let d(n) = n**2 - 22*n + 89. Calculate d(11).
-32
Let m(k) = -525*k - 2628. Give m(-5).
-3
Let n(a) = 158*a - 10. Give n(2).
306
Let y(t) = -t**2 + 59*t + 851. Calculate y(71).
-1
Let w(o) = 13*o**2 - 190*o + 70. What is w(14)?
-42
Let t(k) = k**3 - 53*k**2 + 144*k + 311. Give t(50).
11
Let i(a) = -76*a - 499. Calculate i(-7).
33
Let u(k) = -k**2 - 418*k + 2991. Calculate u(7).
16
Let v(t) = 14171*t - 70848. Determine v(5).
7
Let n(h) = 8*h**2 - 854*h - 200. Calculate n(107).
14
Let y(u) = 5*u + 96. Give y(-39).
-99
Let c(q) = -q**2 + 400*q + 12439. Calculate c(-29).
-2
Let l(d) = d**3 - 156*d**2 - 1146*d + 810. Give l(163).
-5
Let h(o) = -265*o + 1313. Give h(5).
-12
Let w(h) = 6*h**2 + 110*h - 10154. Calculate w(33).
10
Let a(g) = -22*g - 904. Determine a(-51).
218
Let r(c) = c**3 - 24*c**2 - 298*c + 34. Determine r(33).
1
Let v(h) = h**2 + 27*h - 678. Determine v(16).
10
Let m(w) = 7*w**2 + 495*w - 147. What is m(-71)?
-5
Let z(d) = -36*d - 167. What is z(3)?
-275
Let c(i) = -4*i**3 - 27*i**2 - 45*i - 191. Determine c(-5).
-141
Let j(q) = 3*q**2 + 431*q + 2869. Calculate j(-7).
-1
Let c(q) = -153*q + 1752. What is c(12)?
-84
Let k(c) = 50*c - 26. What is k(0)?
-26
Let s(j) = 4*j**3 + 22*j**2 - 66*j + 4. What is s(3)?
112
Let t(z) = z**2 - 17*z - 90. Calculate t(-5).
20
Let f(b) = -20*b**2 + 17*b + 18. Calculate f(-1).
-19
Let k(l) = l**3 - 20*l**2 + 58*l + 20. Calculate k(7).
-211
Let h(c) = -c**3 - 12*c**2 + c + 33. Calculate h(-12).
21
Let m(q) = -6*q**2 + 7*q + 220. Give m(7).
-25
Let u(v) = -v**3 + 40*v**2 - 392*v + 150. Determine u(16).
22
Let g(i) = -i**2 - i - 136. What is g(0)?
-136
Let o(q) = -19*q**2 + 3*q - 12. What is o(3)?
-174
Let d(f) = 2*f**3 - 39*f**2 + 26*f - 136. Determine d(19).
-3
Let p(m) = -m**3 + 6*m**2 - m - 18. Determine p(5).
2
Let k(z) = -2*z**2 - 94*z + 29. Calculate k(-47).
29
Let l(i) = -i**3 - 9*i**2 + 12*i + 106. Calculate l(-7).
-76
Let a(j) = -j**2 - 1883*j + 11342. Give a(6).
8
Let q(l) = -l**2 - 39*l + 500. What is q(-49)?
10
Let m(r) = -r**3 - 108*r**2 - 241*r - 3072. Calculate m(-106).
2
Let r(x) = -2*x**2 + 2*x + 152. What is r(9)?
8
Let u(p) = -26*p + 20. Give u(4).
-84
Let v(x) = 2*x**2 + 163*x + 2085. Calculate v(-65).
-60
Let a(s) = s**2 + 1497*s - 6003. What is a(4)?
1
Let s(m) = -78*m + 962. Determine s(12).
26
Let j(w) = 14*w**2 - 58*w + 6. Determine j(4).
-2
Let n(f) = -f**2 + 22*f + 2189. Give n(59).
6
Let s(z) = -z**3 + 88*z**2 + 364*z + 347. Calculate s(92).
-21
Let j(z) = -2*z - 200. What is j(28)?
-256
Let w(m) = 32*m**3 + 381*m**2 - 37*m + 8. What is w(-12)?
20
Let y(o) = -7*o**2 + 454*o - 2279. What is y(5)?
-184
Let s(o) = -29*o - 33. What is s(-5)?
112
Let f(r) = r**2 - 522*r - 5881. Give f(-11).
-18
Let s(b) = -19*b**2 + 319*b + 78. Calculate s(17).
10
Let r(s) = -s**3 + 168*s**2 + 168*s + 172. Calculate r(169).
3
Let y(q) = 2*q**3 - 3*q**2 - 22*q - 20. What is y(-1)?
-3
Let k(t) = -2*t**2 - 139*t - 590. Calculate k(-65).
-5
Let r(k) = 4*k**3 + 10*k**2 - 7*k - 3. Determine r(-5).
-218
Let p(v) = 5*v**2 - 50*v + 3. Calculate p(9).
-42
Let t(l) = -3*l**2 + 120*l + 139. Calculate t(39).
256
Let p(q) = -4*q**2 - 3*q + 1. Determine p(-3).
-26
Let d(r) = -26*r - 581. What is d(-22)?
-9
Let i(n) = -19*n + 1203. Give i(64).
-13
Let p(u) = -40*u**2 - 420*u + 213. Calculate p(-11).
-7
Let z(x) = x**2 + 32*x + 50. What is z(-30)?
-10
Let q(y) = 4*y**2 - 250*y + 491. Give q(2).
7
Let f(z) = -3*z**3 - 84*z**2 + 6*z + 133. Give f(-28).
-35
Let x(q) = 2*q**3 + 14*q**2 - 84*q - 540. Give x(-8).
4
Let i(a) = -17*a + 13. Determine i(-4).
81
Let p(h) = h**3 + 29*h**2 + 84*h - 394. Determine p(-25).
6
Let a(j) = -12*j**2 - 102*j - 63. Determine a(-8).
-15
Let x(c) = c**2 + 165*c + 4045. Calculate x(-30).
-5
Let x(s) = -1880*s + 1845. What is x(1)?
-35
Let h(i) = 10*i + 12. What is h(5)?
62
Let d(x) = x**3 + 15*x**2 - 214*x + 10. Determine d(9).
28
Let i(h) = 2*h**2 - 49*h - 939. Determine i(-12).
-63
Let d(z) = -4*z**3 + 322*z**2 + 164*z - 173. Calculate d(81).
-11
Let r(d) = -4*d**2 + 70*d + 66. Give r(14).
262
Let j(p) = -52*p + 7450. Determine j(144).
-38
Let u(f) = -f**3 + 23*f**2 + 42*f - 57. What is u(25)?
-257
Let p(s) = 467*s**2 - 17740*s - 229. Calculate p(38).
-1
Let h(q) = -q**3 + 108*q**2 - 9*q + 1083. Calculate h(108).
111
Let s(d) = 40*d**2 + 456*d - 5. What is s(0)?
-5
Let i(p) = -p**2 + 48*p + 1483. Give i(-25).
-342
Let l(t) = -900*t - 52180. Give l(-58).
20
Let k(d) = 71*d + 1985. What is k(-28)?
-3
Let b(u) = 411*u - 25. Calculate b(0).
-25
Let b(q) = -2*q**3 + 27*q**2 - 70*q - 146. What is b(7)?
1
Let j(h) = 11*h**2 + 648*h - 58. What is j(-59)?
1
Let c(h) 